4*o - 10 = 15. Let s(j) = j**3 - 2*j**2 - j + 5. What is the remainder when 14 is divided by s(u)?
3
Let c = -362 + 418. What is the remainder when c is divided by 42?
14
Let j(l) = 4*l**2 - 4*l - 7. Let k = 17 + -15. Suppose 0 = 5*m + y - 18, -2*m + y - k = -3*m. Calculate the remainder when j(m) is divided by 11.
8
Suppose 2 = -3*p + 5*p. What is the remainder when 1 - p - (-31 - 8) is divided by 23?
16
Suppose 2*u + 891 = 13*u. Let l(m) = m**2 - 5*m - 3. Let a = -11 - -19. What is the remainder when u is divided by l(a)?
18
Suppose -83 = -2*w - 13. Suppose -5*s + 210 = w. Let l(c) = 6*c**2 + 4*c + 3. Calculate the remainder when s is divided by l(-2).
16
Let r = 1 + -2. Suppose 0 = 29*m - 32*m - 45. Calculate the remainder when 3 + (-4 + m)/r is divided by 8.
6
Suppose -16*q = -22*q + 972. Let o = 296 - q. Calculate the remainder when o is divided by 35.
29
Suppose -67*v = -2961 - 2265. Calculate the remainder when v is divided by 28.
22
Suppose 0 = -s + i + 4*i - 86, -4*s - 4*i = 368. Let d = s - -103. Calculate the remainder when 130 is divided by d.
10
Calculate the remainder when 12 is divided by (20/5 - -1)*(1 - 0).
2
Suppose 2*s + 4*n + 34 = 0, 2*s - 5*n + 3 = -4. Calculate the remainder when 2*(585/(-6))/(-5) is divided by (s/22)/(2/(-40)).
9
Suppose 17 = p + 4*g, g = -4*p + 30 - 7. Suppose 32 = -0*n + n - 4*y, -p*n = 5*y - 285. Calculate the remainder when n is divided by 28.
24
Let b = 49 - 89. Let o = 228 + b. Calculate the remainder when o is divided by 38.
36
Let i be (105/(-28))/(3/56). Let r = 7 + -3. What is the remainder when (r/5)/((-2)/i) is divided by 10?
8
Let m(c) = 37*c**2 - 15*c + 7. Calculate the remainder when m(3) is divided by 27.
25
Suppose 21*q + 37 = 22*q. Calculate the remainder when 126 is divided by q.
15
Suppose -3*m = 2 + 211. Let t = m - -85. What is the remainder when 35 is divided by t?
7
Let q be -1 - (154 - (1 + 0)). Let o = -108 - q. What is the remainder when o is divided by 8?
6
Let u = 7 + -5. Suppose 34*d + 4*p - 6 = 36*d, 18 = 3*d + 3*p. Suppose -d*k = u*k - 25. Calculate the remainder when 19 is divided by k.
4
Suppose 160 = -m + 6*m. Let p = m + -10. What is the remainder when p is divided by 13?
9
Suppose 11*i + 12 = 17*i. What is the remainder when 28 is divided by i*-1 - (-20 - -12)?
4
Let h(x) = -x**3 - 7*x**2 + 11*x - 19. Let b(s) = -s**2 + 7*s - 15. Let r be b(6). Calculate the remainder when 172 is divided by h(r).
40
Suppose 0 = 4*v - 2*m - 238, -2*v + 5*m - m = -128. Calculate the remainder when 0 - -6*(-50)/(-4) is divided by v/2 + -2 + -1.
23
Let c(m) = -m**2 + 29*m - 51. What is the remainder when c(21) is divided by 30?
27
Let l(z) = -z + 3. Let s(g) = -g**2 + 29*g - 98. Calculate the remainder when s(24) is divided by l(-6).
4
Let q be 2*1/(-2)*-5. Let x = -1 - q. Let g = 27 + x. What is the remainder when 60 is divided by g?
18
Let k = 46 + -30. Let q(h) = h**2 - 15*h - 14. Let x be q(k). Calculate the remainder when 6 - x - (0 + -7) is divided by 3.
2
Suppose 3*s = 51 + 393. Suppose 2*w + 2*w = 36. What is the remainder when (s/6)/(6/w) is divided by 20?
17
Let o = -22 - -102. Suppose -p + 3*c = -45, 0 = -3*p + 5*p - 4*c - o. Suppose 295 = 2*y + 3*y. What is the remainder when y is divided by p?
29
Calculate the remainder when (-5300)/(-75)*12/16 is divided by 7.
4
Suppose 5*y - 26 = -g, 59*y - 4*g = 62*y - 2. What is the remainder when (-3 + 1)*(-50)/4 is divided by y?
1
Let g = 334 + -268. What is the remainder when 197 is divided by g?
65
Let y(c) = -c**3 - 10*c**2 - 16*c - 46. Calculate the remainder when 237 is divided by y(-9).
16
Suppose -276*o - 336 = -283*o. What is the remainder when 517 is divided by o?
37
Let f = 642 + -316. What is the remainder when f is divided by 82?
80
Suppose 0 = 32*i - 195 - 285. Calculate the remainder when 40 is divided by i.
10
Let m = -13 + 23. Let s = 4 + -3. What is the remainder when (-2 + s - 2)*-13 is divided by m?
9
Let z(q) = q**3 - 2*q**2 + q + 2. Suppose 2*j = 5*k + 291 - 27, -2*k - 418 = -3*j. Let h = j + -133. Calculate the remainder when h is divided by z(2).
1
Let n(i) = 3*i**2 - 17*i - 15. Let o(s) = -4*s**2 + 18*s + 15. Let m(a) = 5*n(a) + 4*o(a). Calculate the remainder when 58 is divided by m(-10).
13
Calculate the remainder when 20 is divided by (6/5)/(-11 + (-570)/(-50)).
2
Suppose -88 = 18*w - 7792. What is the remainder when w is divided by 48?
44
Suppose 5*k - 32 = -2*a, k + k + 3*a = 4. Suppose r + 4 = k. Calculate the remainder when -1 + 276/r + 4 is divided by 25.
22
What is the remainder when 12 - 20 - (6 - -5059)/(-5) is divided by 56?
53
Let v(c) = -4*c**3 - 3*c**3 + 6 - 2*c**2 + 6*c**3 + c. Let d = -16 - -42. Calculate the remainder when v(-5) is divided by d.
24
Let h be (-2)/3*-3 - 74. Let j be 2/9 + (-2144)/h. Let c = 2 + j. What is the remainder when 61 is divided by c?
29
Suppose 0 = 3*l + 7*l - 60. Calculate the remainder when 33*(0 - -2)/6 is divided by l.
5
Suppose -o + 41 = -5*f, 0 = 3*o - f - 15 - 52. Let a = -14 + o. Suppose 0 = -i - 4*p - 7, -2*i = i - 2*p - 21. What is the remainder when a is divided by i?
2
Let t = -5 - -7. Suppose 3*c - 2*f + 2 - 30 = 0, t*f - 20 = -c. Calculate the remainder when 31 is divided by c.
7
Suppose -5*s = -4*c + 13, 2*c - 4*s = 3*c + 2. Suppose -y + 0*x = -3*x - 6, -c*x = 8. Calculate the remainder when (y/4 + 1)*-122 is divided by 16.
13
Suppose -8*a - 96 = -3*j - 5*a, 2*j + 4*a - 40 = 0. Let k(g) = -g**2 + 26*g + 32. What is the remainder when k(21) is divided by j?
25
Let v be 2 + (-4)/(-4)*-5. Calculate the remainder when 68 is divided by 92/(-6)*5/(10/v).
22
Suppose 5*n + 4*h = 487, 4*h + 462 + 1 = 5*n. Let i = 99 - n. What is the remainder when 35 is divided by i?
3
Let c(x) be the first derivative of x**3/3 + x**2 - 8*x + 2. Suppose 0 = -5*o + 2*y + 26, -4*y + 9 = 21. What is the remainder when c(-5) is divided by o?
3
Suppose 0 = 10*r - 1694 + 374. Calculate the remainder when r is divided by 50.
32
Suppose 14*c + 80 = 24*c. Suppose -200 = -0*r - c*r. Calculate the remainder when 73 is divided by r.
23
Let g = 503 + -846. Let v = -245 - g. Suppose -m - 5*x + v = 3*m, 46 = 2*m + x. Calculate the remainder when m is divided by 6.
4
Let o = 1430 - 1387. Calculate the remainder when o is divided by 41.
2
Let l(y) = 2*y**2 - 8*y - 2. Suppose 0 = 2*q - 9 + 5. Calculate the remainder when l(5) is divided by q.
0
Let a be (-6)/10 - (48/(-10))/(-2). Let l(z) = -4*z - 6. Suppose 4 = 2*k - 28. What is the remainder when k is divided by l(a)?
4
Suppose -8*b = -3*b - 490. Calculate the remainder when b is divided by 11.
10
Let n(b) = -b**3 + 18*b**2 + 2*b - 12. Let v be n(18). Let a = v - -30. Let k = a + -27. Calculate the remainder when k is divided by 10.
7
Suppose -y - 2*f + 15 = 0, -10 = -2*y - 5*f + 25. Let a be (-2)/y + 674/10. Let i = a - 3. Calculate the remainder when i is divided by 22.
20
Let v = -42 - -87. Suppose -4*b + 16 = -d, 4 = -7*d + 2*d + b. Let n = d + 12. Calculate the remainder when v is divided by n.
9
Let i(u) = u**2 - 5*u + 34. Let q(m) = m**2 - 6*m + 35. Let l(p) = 6*i(p) - 5*q(p). What is the remainder when 86 is divided by l(0)?
28
Let o(a) = -4*a**2 + 10*a + 17. Calculate the remainder when 246 is divided by o(0).
8
Suppose 13*m - 1999 - 2733 = 0. What is the remainder when m is divided by 101?
61
Let l(t) = 6*t**2 - 5*t**2 + 6 + t**3 - 6*t - 2*t**2 + 5*t**2. Let y(o) = o**2 + 4*o - 2. Let h be y(-3). Calculate the remainder when l(h) is divided by 7.
4
Let n(g) = 12*g**3 + 2*g**2 + 1. Let h be n(-2). Let s(q) = -2*q**2 + 12*q + 6. Let d be s(9). Let z = d - h. What is the remainder when z is divided by 21?
18
Suppose -v = -3*f + 31, -4*v = 2*f - 3*f + 146. Let r = 43 + v. What is the remainder when 23 is divided by r?
5
Calculate the remainder when (-7 + (-37)/(-5))*385 is divided by 35.
14
Suppose 0 = l - 18*f + 20*f - 96, 0 = 4*l + 5*f - 372. What is the remainder when l is divided by 50?
38
Let i(f) = f - 2. Let t be i(6). Suppose 15 = r - t. What is the remainder when (1 - -11)*(22 - 456/32) is divided by r?
17
Let j(k) = -7*k**3 + 5*k + 6. Let p = 11 + -10. Calculate the remainder when j(-1) is divided by p.
0
Let q = -66 + 68. Suppose 10 = -2*f + q*u + 200, -3*u = 6. Let b = -38 - -62. Calculate the remainder when f is divided by